{"id":16,"date":"2024-07-03T10:09:17","date_gmt":"2024-07-03T13:09:17","guid":{"rendered":"https:\/\/joaovonseehausen.com.br\/?page_id=16"},"modified":"2024-08-16T01:42:57","modified_gmt":"2024-08-16T04:42:57","slug":"perfil","status":"publish","type":"page","link":"https:\/\/joaovonseehausen.com.br\/?page_id=16","title":{"rendered":"Perfil"},"content":{"rendered":"\n<p>Enquanto advogado, minha profiss\u00e3o \u00e9 ouvir e buscar junto \u00e0s leis a melhor solu\u00e7\u00e3o. Um advogado n\u00e3o \u00e9 aquele que tem todas as respostas, mas sim, o que sabe o caminho certo para chegar aos seus objetivos.<\/p>\n\n\n\n<p>Da mesma forma, entendo a pol\u00edtica.<\/p>\n\n\n\n<p>\u00c9 fundamental escutar, dialogar e reunir pessoas, institui\u00e7\u00f5es, especialistas e a comunidade que vive o dia-dia e sente na pele os problemas que devem ser resolvidos pelo poder p\u00fablico.<\/p>\n\n\n\n<p>Assim venho trabalhando: de forma participativa, t\u00e9cnica e colaborativa, buscando o melhor para a minha cidade.<\/p>\n\n\n\n<p>Aproveitando todo o conhecimento proporcionado por minha profiss\u00e3o de advogado, eu vou<\/p>\n\n\n\n<p>&#8211; Atuar firmemente para o cumprimento das leis existentes;<\/p>\n\n\n\n<p>&#8211; Dialogar cos os setores da sociedade (sociais e t\u00e9cnicos) para analisar leis e moderniz\u00e1-las;<\/p>\n\n\n\n<p>&#8211; Para o que n\u00e3o existe Lei, criar leis poss\u00edveis, e n\u00e3o apenas para constar em papel, em di\u00e1logo com o executivo, para que sejam realmente regulamentadas, colocadas em pr\u00e1tica e fiscalizadas.<\/p>\n\n\n\n<p>Sabemos que a atua\u00e7\u00e3o de um vereador tem suas limita\u00e7\u00f5es, devido ao chamado v\u00edcio de iniciativa. Mas isso n\u00e3o significa que um vereador n\u00e3o possa abrir, por exemplo, uma comiss\u00e3o de discuss\u00e3o ou uma audi\u00eancia p\u00fablica para discutir o tema. Criar um relat\u00f3rio t\u00e9cnico detalhado, com propostas e projetos de leis que realmente far\u00e3o diferen\u00e7a e, com di\u00e1logo e parceria com o executivo, conseguir implementar leis.<\/p>\n\n\n\n<p>Atuar junto aos outros poderes, como Estado, deputados federais e minist\u00e9rios, na busca de recursos de emendas e programas, tamb\u00e9m \u00e9 uma forma de contribuir para que a\u00e7\u00f5es fundamentais sejam realizadas.<\/p>\n","protected":false},"excerpt":{"rendered":"<p>Enquanto advogado, minha profiss\u00e3o \u00e9 ouvir e buscar junto \u00e0s leis a melhor solu\u00e7\u00e3o. Um advogado n\u00e3o \u00e9 aquele que tem todas as respostas, mas &hellip;<\/p>\n","protected":false},"author":2,"featured_media":88,"parent":0,"menu_order":0,"comment_status":"closed","ping_status":"closed","template":"","meta":{"footnotes":""},"_links":{"self":[{"href":"https:\/\/joaovonseehausen.com.br\/index.php?rest_route=\/wp\/v2\/pages\/16"}],"collection":[{"href":"https:\/\/joaovonseehausen.com.br\/index.php?rest_route=\/wp\/v2\/pages"}],"about":[{"href":"https:\/\/joaovonseehausen.com.br\/index.php?rest_route=\/wp\/v2\/types\/page"}],"author":[{"embeddable":true,"href":"https:\/\/joaovonseehausen.com.br\/index.php?rest_route=\/wp\/v2\/users\/2"}],"replies":[{"embeddable":true,"href":"https:\/\/joaovonseehausen.com.br\/index.php?rest_route=%2Fwp%2Fv2%2Fcomments&post=16"}],"version-history":[{"count":2,"href":"https:\/\/joaovonseehausen.com.br\/index.php?rest_route=\/wp\/v2\/pages\/16\/revisions"}],"predecessor-version":[{"id":87,"href":"https:\/\/joaovonseehausen.com.br\/index.php?rest_route=\/wp\/v2\/pages\/16\/revisions\/87"}],"wp:featuredmedia":[{"embeddable":true,"href":"https:\/\/joaovonseehausen.com.br\/index.php?rest_route=\/wp\/v2\/media\/88"}],"wp:attachment":[{"href":"https:\/\/joaovonseehausen.com.br\/index.php?rest_route=%2Fwp%2Fv2%2Fmedia&parent=16"}],"curies":[{"name":"wp","href":"https:\/\/api.w.org\/{rel}","templated":true}]}}